 - 165*r**2. Is d(-32) a prime number?
True
Let z(i) = i**2 + 22*i + 15. Let v be z(-21). Let q be (110/v)/(-5) - 8/12. Suppose -3*r = 15, -5*j + 4*r = -q*j - 1722. Is j composite?
True
Let y(p) = 664*p**2 - 1047*p + 31. Is y(28) prime?
False
Let h = -27218 - -38604. Suppose 2*z - h = z + l, -4*z - 5*l + 45499 = 0. Is z a prime number?
False
Let p = 42978 - 16117. Is p a prime number?
True
Suppose -f + 99 = 2*f. Let k = f - 20. Is k*(4 + -83)*-1 a composite number?
True
Let m(p) = 21*p**2 - 56*p + 61. Suppose 55*r - 54*r + 116 = -5*u, -2*r + 56 = -2*u. Is m(u) composite?
True
Let l = -81037 - -253136. Is l composite?
True
Suppose 5*n + 47 - 8 = 4*k, 30 = 3*k - 3*n. Suppose 5*c = 2*g + k, 0 = -2*c + 5 + 1. Suppose g*w = 4*j - 334, w = 6*j - j - 416. Is j composite?
False
Let i(s) = 83*s**2 + 3*s + 2. Let v be i(-1). Suppose 3*w - 157 = -4*o - o, -o + 17 = -3*w. Let n = v + o. Is n prime?
False
Let y(g) = 273*g**3 + 5*g**2 - 2*g + 5. Let t = -68 - -64. Let l be y(t). Let h = l + 25282. Is h a prime number?
False
Is (-2)/4*(1585165/(-8) - (-36)/(-96)) a prime number?
False
Suppose 6 = -0*o + 2*o, -3*i = -5*o + 3. Suppose -50 = 3*a - 0*t - t, 0 = -i*a + t - 68. Is (7 + -4)*(-3)/a*12014 a prime number?
True
Suppose -207803 = -4*o + 3*p, 5*p - 29813 = -o + 22155. Let g = o + -30894. Is g a prime number?
True
Suppose 5*w - 176 = w. Let f = w - 40. Suppose -f*r = -6*r + 898. Is r a prime number?
True
Let x = 93682 + -31950. Suppose -15*v + 51323 = -x. Is v a prime number?
True
Suppose 3*u + 4*j + 3893 = 0, -4*u - 3*j + 2*j = 5182. Let t = -814 - u. Is t composite?
True
Suppose -8928 = 29*r - 33*r. Suppose 13*x = 485 + r. Is x prime?
False
Let b(d) = 541*d**2 + 7*d + 9. Suppose 53 - 37 = -8*o. Is b(o) composite?
True
Let g(w) = 462*w**2 + 208*w - 185. Is g(33) prime?
True
Suppose -51*u = -691210 - 474803. Let r = u - 7964. Is r a prime number?
False
Let v be (-2261)/((35/56)/(-5)). Let x = v - -2209. Is x composite?
False
Let q be (-24)/(-28)*7/3. Suppose -q*c + 1625 = 87. Is c a composite number?
False
Let q(w) be the first derivative of -w**3/3 - 3*w**2 + 9*w - 1. Let h be q(-11). Is (0 - (1 + 0))/(2/h) prime?
True
Suppose 3*s - 63 = -4*w + 7436, 0 = w + 4. Let n = -356 + s. Is n a composite number?
True
Let f(v) = -v**3 + 3*v**2 + 3*v - 5. Let h be f(2). Suppose -12 = -4*l, -5*l + l + 37 = h*u. Suppose -3*q = -u*q + 934. Is q a composite number?
False
Let m = 193672 + -123831. Is m a composite number?
True
Suppose 0 = -4*x + 10564 - 3172. Suppose z + m - 336 = 0, -4*m + x - 170 = 5*z. Is z a prime number?
False
Suppose -5*w - 5*u + 263 = -307, 2*w + 4*u = 220. Suppose -1 - 2 = -b, 2*b + w = c. Let t = -53 + c. Is t prime?
True
Let m(v) = -101*v**3 + 329*v**2 - 5*v - 63. Is m(-8) a composite number?
True
Let w = 43 + -43. Suppose 4*r - 1363 - 3605 = w. Let y = 2269 - r. Is y a prime number?
False
Is (0 - 1)*(-123245 - 512) a prime number?
True
Suppose -3136 = -3*h - h. Suppose -7397 = -4*m + 5*s, -m + 1074 = -3*s - h. Is m prime?
False
Suppose -a - 6 = -8. Suppose 8*n - 3*n + a*t + 16578 = 0, 0 = -2*n - 5*t - 6627. Let b = n + 6315. Is b a prime number?
True
Suppose 0 = -2*k + f + 586570, -5*k = 658*f - 656*f - 1466425. Is k a composite number?
True
Let a = -35176 - -89019. Suppose -a = -19*g + 12980. Is g a prime number?
True
Suppose -4*r - 4*a = -280800, r + 5*a = 109315 - 39111. Is r a prime number?
True
Let b be -18*((14/(-6))/7 - 2). Suppose 20*p = b*p - 189398. Is p prime?
True
Let u = 108122 - 35669. Is u prime?
False
Let f = -51447 + 168809. Suppose 11*r - f = -3*r. Is r prime?
False
Suppose 63 = 3*m - f - 12, -100 = -4*m + 3*f. Let g be (-170)/m + 1/(-5). Let i(d) = -2*d - 1. Is i(g) a composite number?
False
Let t(s) = s**2 - 18*s + 24. Let r be t(16). Let b be 3 - 55/20 - (-2)/r. Suppose -5*i + 4*i + 613 = b. Is i prime?
True
Suppose 0 = -5*l - o + 239934 + 466826, 3*l - 424044 = -3*o. Is l composite?
False
Let j = 29676 - -317117. Is j prime?
True
Let c(w) = -39*w**3 + w**2 - 5*w + 3. Let r be c(3). Let q be 6/(-21) - (r/(-7))/(-3). Is 4/(-8)*q*-1 a composite number?
True
Let k be 4/6 - (76/(-12) - -2). Let y be (-1190)/8*(5 + -4 - k). Let l = -330 + y. Is l composite?
True
Suppose 3*m - 7371833 = -4*c, 0 = -2*c + 2*m + 2922536 + 763412. Is c a composite number?
True
Suppose 2429986 = 179*f - 1682181. Is f composite?
False
Let i = 4649 + 117270. Is i prime?
False
Suppose 2*n = 5*w - 730869, 5*n - 349298 - 89273 = -3*w. Is w a composite number?
True
Let z be (-3)/(-5) - 1212/20. Let s = z + 57. Is 1*349*(-1 - s) composite?
True
Let a = -136 + 227. Is 6/(-21) - (-51441)/a a prime number?
False
Let g(o) = 6248*o - 13091. Is g(5) prime?
True
Let z(v) = 3*v**2 + 29*v - 2115. Is z(46) prime?
False
Is (-2)/(-6) + (-461364288)/(-1008) a composite number?
True
Let a(t) = 39077*t - 330. Is a(1) a composite number?
False
Let m = 19006 + 22437. Is m a composite number?
False
Suppose 4*i - 80 = 4*a, 0 = 2*a + 6*i - 2*i + 46. Let b(d) = -d**3 + 8*d**2 + 6*d - 58. Is b(a) a prime number?
False
Let h(v) = 15*v + 79. Let z be h(-5). Suppose z*w - 90398 = -4*k + 7*w, k + 4*w - 22609 = 0. Is k a prime number?
False
Let d(x) be the third derivative of 0*x + 1/3*x**4 - x**2 + 1/3*x**3 + 0 + 7/15*x**5. Is d(-5) prime?
False
Suppose 49*x = 69*x - 1510700. Is x composite?
True
Is 16940150/10*((-2)/(-6))/((-95)/(-57)) a composite number?
False
Let m(q) = 2*q**3 - 26*q**2 - 68*q + 1007. Is m(22) a composite number?
True
Let v = 47391 + -27950. Is v prime?
True
Let q be (18384/80)/((-2)/(-10)). Let h = 3028 + q. Is h composite?
False
Let h be 21/15 - (-198080)/50. Let z = h + -2750. Is z prime?
True
Let s be 30/4*196/21. Let d = -12 + s. Let z = -43 + d. Is z a composite number?
True
Let k(d) = 15*d**3 - d**2 + 15*d - 42. Let f be k(5). Suppose -17*s = -18*s + f. Is s a composite number?
True
Suppose -80*u = -66*u + 28739 + 13821. Let t(s) = -4876*s**3 - s. Let i be t(-1). Let b = u + i. Is b prime?
False
Suppose -95*m + 89*m + 84 = 0. Suppose -9*u + m*u = 10. Suppose 0*r + u*r - 8 = 0, 2*j = -2*r + 1474. Is j a prime number?
True
Suppose 2*t = 10, -4*a = -5*t - 39139 - 287280. Is a a prime number?
True
Let w(d) = 29 - 25*d**2 + 4 + 27*d**2 + 29*d**2 + 17*d. Is w(-10) a composite number?
False
Let x be (-18)/10*(-25)/15. Is (-113259)/114*((-1)/(-1) - x) a prime number?
True
Let u(q) = 10*q**2 + 15*q - 69. Let t be u(9). Is (7 - 4) + t - (1 - -1) a prime number?
True
Let t = 11 - 1. Let r be (2/(-4 - -6))/(8/1040). Is (-26)/r + 5012/t composite?
True
Let y(l) = 4*l**3 - 18*l**2 + 41*l - 1. Let a = 217 - 207. Is y(a) composite?
False
Let z(a) = -2*a**2 + 30*a - 2. Let x be z(16). Let t(o) = -4*o**2 - 152*o - 45. Is t(x) a composite number?
False
Let o(m) = 2 - 9 + 126*m + 4. Let h = -24 - -31. Is o(h) a composite number?
True
Suppose -5221*z - 1458594 = -5241*z - 312014. Is z a prime number?
True
Let z be 80/14 - (-6)/21. Let r(u) = -u + 1. Let w(o) = -69*o. Let v(s) = 5*r(s) - w(s). Is v(z) a composite number?
False
Suppose -12*p + 127*p = 83227915. Is p a prime number?
True
Let z(v) = -v**2 - 17*v - 12. Let s be z(-16). Suppose -16 = 6*i - s. Is (i + 1)*(-662 - 0) composite?
True
Suppose 3*w + 51937 - 10796 = 4*k, 2*w = -2*k + 20588. Is k a prime number?
True
Let c(r) = 902*r - 7028. Let o be c(10). Suppose 4*i = -4*a + 16, 0*a = 2*i + 3*a - 8. Suppose -1988 = -2*g + b, -3*b - o = i*g - 6*g. Is g a composite number?
True
Let z = 718 - -39. Let r = 4650 - z. Is r a composite number?
True
Let c be 4/(-6)*(-171)/(-38). Let x(w) = -206*w**3 - 2*w**2 - 5*w - 2. Is x(c) composite?
False
Let f(q) = 640*q**3 + 4*q**2 - 10*q + 15. Let d be f(3). Suppose 0*k + 5*x = -4*k + d, -4*x = -2*k + 8618. Is k a composite number?
True
Let u(i) = 482*i**2 - 10*i - 5. Let z be u(-4). Let f be (0 - -2)*(-50083)/22. Let x = z + f. Is x composite?
True
Let y = 70 + -70. Suppose y = 10*g - 8*g - 10. Suppose 3*w = -2*f + 565 + 626, 2*w + g*f - 794 = 0. Is w a composite number?
False
Let c(j) = -85*j**3 - 2*j**2 + j + 3. Let v(h) = -85*h**3 - 3*h**2 + 2*h + 3. Let z be 62/(-14) + 87/203. Let u(g) = z*c(g) + 3*v(g). Is u(2) a prime number?
True
Let q be 6/(-12) + (21/(-2) - 3). Is (2228/10)/((-7)/(245/q)) a prime number?
True
Suppose -29*h + 31*h = 50. Suppose -20 = 2*x - 4*d, -x = -0*d +